) = m**2 - 2*m + 3. Let a = 7 + -8. Let b be a/1 - (-9)/3. Calculate u(b).
3
Let q(j) = 3*j**3 + 2*j**2 - 2*j + 1. Let h(n) = n**3 + 6*n**2 - n - 3. Let f be h(-6). Suppose -f*s + 4*s - 1 = 0. Determine q(s).
4
Let k(h) = -7*h**2 - 9*h - 7. Let u(w) = 11*w**2 + 13*w + 10. Let t(j) = 8*k(j) + 5*u(j). Give t(-6).
0
Let f(v) be the first derivative of 1/2*v**2 + 6 + v**3 + 0*v. Determine f(1).
4
Let w(b) = -19 - 3*b + 16 - b**2 + 0*b. What is w(-2)?
-1
Let m be (-3)/(-6) + 15/10. Suppose -m*d - 7 = -1. Let j(b) be the second derivative of b**3/3 + b**2/2 + b. Determine j(d).
-5
Let q(g) = 10 - 3*g**2 + g**3 - 5 + 0*g**3 - 4*g. Let n be q(4). Let m(h) be the third derivative of -h**6/120 + h**5/10 - h**4/6 - h**3/3 + h**2. What is m(n)?
3
Let y be 1/3*-3 - 0. Let u be (-4)/6*(-6)/4. Let o(i) = u + 2*i - 3*i + 0*i. Give o(y).
2
Let r(a) = 10*a**2 - 2*a + 1. Let f be r(1). Let n be 3*((-42)/f)/(-2). Let k(x) = 2*x - 5. What is k(n)?
9
Let s = -13 - -14. Let j(p) = 1 - 5*p**2 - 2*p**2 - p + 4*p**2. Determine j(s).
-3
Let n(j) be the first derivative of -j**4/4 + 5*j**3/3 + 3*j**2 + 2*j - 1. Let d be (-4)/(4/3) - -9. Determine n(d).
2
Suppose -5*z = -q - 8 + 4, 3*z + 2 = 5*q. Let o be q*-4*(-1)/2. Let r(j) = 4*j - 3. Determine r(o).
5
Let p(x) = -x**3 - 4*x**2 - 4*x + 1. Let s be p(-4). Let t = s - 20. Let o(g) = -g - 5*g + 3*g - 5*g**2 - g**3 + 4. What is o(t)?
-5
Let l(r) be the third derivative of 1/2*r**3 + r**2 + 1/360*r**6 + 0 + 0*r - 1/8*r**4 + 1/60*r**5. Let y(s) be the first derivative of l(s). Give y(-4).
5
Let x(d) = d + 1 - 1 - 4. Suppose 5*i - 3*n = -32, 2*i - 5*n + 32 = -i. Determine x(i).
-8
Let a(l) = 3*l - 3. Suppose -2*w - 7 = -4*w + h, 2*w - 4*h - 10 = 0. Let n(b) = 2*b - 2. Let d(u) = w*a(u) - 4*n(u). Let z = 7 - 12. Calculate d(z).
-6
Let w(j) = 9*j + 1. Let z be ((-5)/(-10) - 1)*2. Determine w(z).
-8
Suppose 2*g = -g - 36. Let d = g + 17. Suppose -5*x = d*t - 25, 6*t - 11 = 2*t - x. Let a(b) = -5*b. What is a(t)?
-10
Let w(p) = p + 1. Let t be (-1)/(-1) - (-16)/4. Suppose t*a = -4*u - 9, -6*u + 25 = -a - u. Give w(a).
-4
Let v(c) = -c - 6. Suppose 3*h - h = -3*m + 19, -5*h - 3*m = -34. Suppose -3*q - 1 - 14 = h*x, -5*q = -x + 25. Calculate v(q).
-1
Let n(p) = p**3 - 4*p**2 - 4. Suppose 4*s = -s + 20. Give n(s).
-4
Let n(g) = -g**2 - 3*g + 4. Let p be n(-3). Suppose 5*d = -w - p*w - 35, 3*d = -9. Let t(q) = -q**2 - 4*q - 6. Give t(w).
-6
Let d(j) = -3*j**2. Let c(u) = -u + 11. Let o be c(9). Let a(p) = -3*p**2 + 3*p - 3. Let t be a(o). Let h be -3*(30/t - -3). Determine d(h).
-3
Suppose -2*o = 4*i + 22, 0 = 2*i - i + o + 7. Let t(x) = -2*x. Calculate t(i).
8
Let n(r) = -7*r + 3. Let w(x) = -8*x + 4. Let p(s) = 5*n(s) - 4*w(s). What is p(-1)?
2
Suppose 0 = -2*l - 2*l. Suppose -5*n + 15 + l = 0. Let o(a) = a**3 - 2*a**2 - 5*a + 2. Give o(n).
-4
Let k(q) be the second derivative of q**5/10 + q**4/3 + q**3/2 + q**2 + 20*q. What is k(-2)?
-4
Let n(a) be the second derivative of a**3/6 + a**2/2 + 47*a. Let p be (-46)/(-14) + (-4)/14. Give n(p).
4
Let h(r) = -r**2 - r + 2. Let y(i) = -10*i**2 - 13*i - 4. Let b(d) = 7*d**2 + 9*d + 3. Let k(q) = 7*b(q) + 5*y(q). Let s(u) = 3*h(u) - 4*k(u). What is s(-3)?
-4
Let a(h) be the third derivative of h**4/8 + h**3/2 - 5*h**2. What is a(-4)?
-9
Let r(j) = 1 - 22*j - 8*j**2 - 23*j + 69*j - 25*j. Give r(1).
-8
Let i(j) = -3*j**2 + 2*j - 7*j - 6 - 2*j. Let g(n) be the third derivative of n**5/60 + n**4/8 + n**3/2 + 8*n**2. Let p(q) = 5*g(q) + 2*i(q). What is p(0)?
3
Let f(b) be the third derivative of -b**4/24 - b**3 + b**2. Suppose -4*h - 5*c + 22 - 52 = 0, -2*c = h + 9. Calculate f(h).
-1
Let q(i) = i**3 + i**2 - 3*i + 3. Suppose -4*c - 3 - 9 = 0. Calculate q(c).
-6
Let w(v) = 2*v + 11. Suppose -2*r + 8 = -4*r, 3*r = -4*t - 48. Determine w(t).
-7
Let w(r) be the first derivative of 3*r + 3 - 1/4*r**4 - r**3 + 1/20*r**5 + 3*r**2. Let m(d) be the first derivative of w(d). What is m(4)?
-2
Let u(r) = 7*r**2 + 3*r**3 + 2*r**3 + 4*r - 4*r**3. What is u(-6)?
12
Let j(m) = -m**3 - m**2 + 4*m - 1. Let k be j(-3). Suppose 0 = k*z - 0 - 5. Let v(f) be the third derivative of f**5/60 - f**4/24 - f**2. Calculate v(z).
0
Suppose -2*x - 66 = -0*x. Let d be (-237)/33 + (-6)/x. Let g(m) = -m**2 - 8*m. Give g(d).
7
Let n = 48 + -44. Let z(t) be the third derivative of t**5/60 - t**4/6 - t**3/6 - t**2. What is z(n)?
-1
Suppose 5*h - 1 = 3*y - 3, h - 4*y + 14 = 0. Let t(p) = -p + h + 7 + 0. Let m = -27 - -32. Determine t(m).
4
Let n(j) = 0*j**2 - 6*j - 2 + 0 - j**2 + j. Let d(l) = -l**2 - 4*l - 2. Let h be d(-4). Calculate n(h).
4
Let p(t) be the second derivative of -t**4/12 - t**3/6 + 5*t**2/2 - t - 3. Give p(0).
5
Let l(u) = 4*u**3 - 22*u**2 - 13*u - 1. Let t(p) = p**3 - 7*p**2 - 4*p. Let z(m) = -2*l(m) + 7*t(m). Let n be (-4)/3*(-3)/(-2). Calculate z(n).
-6
Let s(y) = y**3 + 2*y**2 - 4*y + 3. Suppose -3*t + 5*f = 8, -4*t + 5*f - 4*f - 5 = 0. Let b be -3 + (0 - t/(-1)). Calculate s(b).
-13
Let a be -1 + (-9)/3 + 2. Let j = 2 + a. Suppose j = -2*y + 4, 4*m - 22 = -y - 0. Let l(t) = -t + 2. Give l(m).
-3
Suppose -5*n = -6*n + 2. Let q = 1 - 0. Let x = n - q. Let y(m) = -5*m + 1. What is y(x)?
-4
Let n(s) = 3 - 1 - s + 2*s + 0. Let a be n(0). Let k(p) be the third derivative of -p**4/8 + p**3/6 + p**2. What is k(a)?
-5
Suppose 0 = -4*y + 4*b, y + 3*b = -0*y. Let l(h) be the second derivative of -h**5/20 - h**3/6 - 5*h**2/2 + h. Calculate l(y).
-5
Let f(q) = -q + 5. Let s = 5 - 0. Let r be f(s). Let n(m) = -1 + 2*m - 5 - 3*m. Determine n(r).
-6
Let v(o) = 4*o**2 + 4*o + 3. Let z be v(-2). Let c(y) = y - 11. Let d be c(z). Suppose d*l = 5*l. Let p(i) = i - 1. What is p(l)?
-1
Suppose i - 3 = 1. Let m(p) = -4 + i - p. Suppose 4 = 3*o + 16. What is m(o)?
4
Let u(c) be the second derivative of -c**5/20 - 5*c**4/12 - c**3/3 - 3*c**2 + c. Suppose 3*p = -4*b - 2 - 1, 5*p + b + 5 = 0. Let t = -6 - p. Calculate u(t).
4
Let v(p) = -p**3 + 7*p**2 - 5*p + 4. Let f(b) = -b**3 + 7*b**2 - 4*b + 4. Let r(n) = -4*f(n) + 3*v(n). Give r(7).
3
Let s(t) = 35*t**2 - 20*t**2 - 3*t - 14*t**2 + 2. Calculate s(4).
6
Let x(w) be the second derivative of w**5/20 - 5*w**4/12 + w**3/3 + 3*w**2/2 + 8*w. Let m be 44/10 - (-2)/(-5). What is x(m)?
-5
Let r = 14 - 16. Let s(f) = -f + 1. Let g(w) = 5*w - 5. Let y(i) = r*g(i) - 9*s(i). Give y(4).
-3
Let x(z) = -27*z**3 + 13*z**2 - 3*z. Let k(v) = -18*v**3 + 9*v**2 - 2*v. Let t(y) = -7*k(y) + 5*x(y). Suppose -13*d + 16 = 3*d. Determine t(d).
-8
Let y(c) = 7*c + 10. Let k(a) = -a. Let w(h) = -6*k(h) - y(h). Give w(-10).
0
Suppose -4*u + 5*q = 26, 4*u + 37 = -u + 4*q. Let k be (-2)/u + (-20)/9. Let o(n) = 2*n**2 + n + 2. What is o(k)?
8
Let g(u) = -6*u**2 + 2*u - 1. Let n(y) = 13*y**2 - 5*y + 3. Let d(f) = 5*g(f) + 2*n(f). Let q = -3 - -2. Let l = 2 + q. Calculate d(l).
-3
Let b(g) = 4*g + 2 - 5*g + 2*g + g. Let d = 37 - 41. What is b(d)?
-6
Let g(p) = p - 3. Let b(t) = -t**3 - 3*t**2 + t - 5. Let q be b(-4). Suppose -5 = 3*o + j + 10, -o - j = q. Determine g(o).
-7
Let p(m) = -m**3 - 10*m**2 + 10*m - 9. Let d be p(-11). Let u(q) = 26 - q - 25 - d*q. What is u(1)?
-2
Let q be 1/(28/9 - 3). Let i = -6 + q. Let y(p) = -p - 3. What is y(i)?
-6
Suppose -4*x - 1 = -3*c, -4*c + c + 3*x + 6 = 0. Suppose c - 32 = 5*z. Let k(u) = -4*u + 3*u**3 + 4*u**2 - 2*u**3 + 0 - 2. Calculate k(z).
-7
Let s(p) = -2*p + 9 - 11 + 8 + p. Determine s(5).
1
Suppose -4*y - 2 + 14 = 0. Suppose 14 = 5*v - 1. Let z(f) = 6*f + 2*f - v*f - 3*f. Determine z(y).
6
Let h = 19 + -11. Let q be h/(-3)*6/(-4). Let n(m) = -6 + 2 + 3*m**2 + 3*m - q + 10 - m**3. Calculate n(4).
-2
Let q(k) = 2 - 2*k**2 + 2 + k**2 + 4*k. Let o be q(5). Let r(m) = 3*m - 1 - 9*m + 2. Determine r(o).
7
Suppose -3*m = -2*m + 3*u + 13, -2*m = 4*u + 16. Let k(g) = 3*g + g**2 - 2 + g**2 - 4*g**2. Give k(m).
-4
Let x(f) = -f**3 + 6*f**2 + 2. Let d be x(6). Let u(a) = a**3 - 2*a**2 - 2. Calculate u(d).
-2
Let q(g) = g + 5. Let w be (12/30)/((-1)/15). Calculate q(w).
-1
Suppose 0 = -o + 12 - 0. Suppose 4*p - y + 5*y = o, -4 = y. Let w(u) = -13*u + 8. Let c(i) = 7*i - 4. Let a(r) = p*c(r) + 4*w(r). Calculate a(3).
-5
Let m be 2/9 + (-4)/18. Let x = -7 + 8. Let r(o) = -1 + o - 8 + x. Give r(m).
-8
Let x(p) = p + 1. Let j(n) = -n**3 + 10*n**2 + n - 11. Suppose -2*v + 20 = -0.